 2543 + 1281. Calculate v(j).
-1
Let s be (8 + 315/(-36))/((-6)/16). Let x(t) be the first derivative of t - 9/2*t**s + 6. Give x(1).
-8
Let r = 3032 - 3030. Let a(p) be the first derivative of -5*p**2 - 1/3*p**3 - r*p - 10. Calculate a(-9).
7
Let q(n) = n**2 - 25*n + 53. Let i be q(23). Let g(u) = -u**2 + 5*u + 15. What is g(i)?
1
Let j(g) = -2*g - 7. Let q = 369 + -355. Suppose q*u - 78 = 6. Give j(u).
-19
Suppose 14 = 4*t + 3*j - 42, 2*j = 4*t - 56. Let c(d) = 3*d + 7. What is c(t)?
49
Let l(k) = 61*k**3 + 15*k**2 + 8*k + 15. Let m(p) = -10*p**3 - p**2 - p - 2. Let r(y) = -l(y) - 6*m(y). Calculate r(-9).
15
Let p(b) = -b**3 - 15*b**2 - 10. Let l = 2380 + -2395. Calculate p(l).
-10
Let h(r) = -3*r**2 + r + 2. Let u be h(-1). Let c(l) = -16*l - 15. Let p(x) = -3*x - 3. Let g(d) = -2*c(d) + 11*p(d). Determine g(u).
-1
Let k(q) = 11*q + 74. Let b(c) = 12*c + 80. Let g(u) = 5*b(u) - 6*k(u). Determine g(-7).
-2
Let g(i) = 54*i - 587. Suppose -186 = -1078*b + 1049*b + 133. Calculate g(b).
7
Let p(f) be the second derivative of -5*f**3/6 + 49*f**2 + 3*f - 1491. Calculate p(14).
28
Let v = -9 - -12. Suppose -4*q = -6*q + v*q. Let g(d) = 5747 - 5756 - d**2 + 2*d**2. Calculate g(q).
-9
Let v(r) = -3*r**2 + 3*r - 2. Let z be (20/(-15))/(1/3*-2). Let l(q) = 5 + 2*q**2 + 2 + z*q**2 - 4 - 4*q. Let p(c) = 2*l(c) + 3*v(c). Give p(-3).
-12
Let w(i) = -17*i**3 - 6*i**3 - 1 + 7 + 8*i**2 + 7*i**2 + 25*i**3 + 2*i. Calculate w(-7).
41
Let a be -1 + 6 - ((-144)/16)/(-9). Let i(u) = u**3 - 4*u**2 + u + 5. Give i(a).
9
Suppose 4*d + 6*c - 310 = 8*c, 81 = d - 4*c. Suppose 0 = -z + d - 17. Let f = 61 - z. Let w(m) = 15*m + 1. What is w(f)?
16
Let h be (-17848)/485 + (18/10 - 2). Let d(r) = 6*r + 238. Give d(h).
16
Let h(z) be the first derivative of z**4/4 + 4*z**3 - 6*z**2 + 8*z + 2627. What is h(-13)?
-5
Suppose -2 = -9*t - 11. Let f(z) = -z**2 - z + 1. Let y(l) = -6*l**2 - 11*l + 10. Let p(g) = t*y(g) + 5*f(g). What is p(-5)?
-10
Let t(y) = -7 + 2198*y - 2207*y + 12. Determine t(5).
-40
Let o(s) = 0*s**3 + 0*s**3 + 2*s - 578 - s**3 - 551 + 1679 - 548. Let y(i) = -i**2 - 7*i + 3. Let h be y(-7). Calculate o(h).
-19
Let v(a) be the first derivative of -a**4/4 + 11*a**3/3 - 2*a**2 - 10*a + 982. Calculate v(10).
50
Let s be (-14)/(-259) + 2562/518. Let u(d) = 4*d - 9. What is u(s)?
11
Let m(s) = -24*s - 1. Let f(t) = -23*t. Let z(n) = -2*n + 1. Let j(k) = f(k) - z(k). Let g(l) = 4*j(l) - 3*m(l). Calculate g(-1).
11
Let z(b) be the first derivative of b**4/4 + 2*b**3/3 - 5*b**2/2 + 6*b + 1519. Calculate z(3).
36
Let f(o) = -o**2 - o**2 + 2 + 3*o + o**2. Let n(c) be the first derivative of c**4/4 + 16*c**3/3 - 19*c**2/2 - 31*c - 43. Let s be n(-17). What is f(s)?
2
Let g(u) = -16*u - 9. Let q(x) = 74*x - 890. Let t be q(12). What is g(t)?
23
Let k(h) = -139*h - 261. Let y(f) = 196*f + 394. Let o(t) = 7*k(t) + 5*y(t). Determine o(-15).
38
Let u(g) = g**3 + 9*g**2 - 11*g - 11. Suppose 0 = 7*i - 4*i. Suppose 7*s - 14*s + 56 = i. Suppose -3*r = m - 5*r + s, 0 = 4*m - r + 39. Determine u(m).
-1
Let t(a) = -125*a**3 + 218*a**3 - 26*a - 160 - 30*a**2 - 92*a**3. What is t(31)?
-5
Let j(a) = -2*a**3 + 2*a**2 + 11*a. Let d(l) = -3*l**3 + 4*l**2 + 12*l + 1. Let c(z) = 4*d(z) - 5*j(z). Determine c(3).
-17
Let h(c) = c. Let g be 34 + -35 + 742/2. Let r = g + -366. What is h(r)?
4
Let x(m) be the second derivative of -13*m**5/5 + m**2/2 + 668*m. Determine x(1).
-51
Suppose -v + 12 = 2*v. Let o(t) = 2 - 3*t + v + 7*t - t**2 + 0. Let b = 19 - 14. Determine o(b).
1
Let d = 0 + -1. Let p be (-3)/(d - 7/(-4)). Let y(l) = 5*l + 34353*l**2 + 4 - 34351*l**2 - 1 - 5. Determine y(p).
10
Let t = -121 - -125. Suppose 22 = 9*u + t. Let y(m) = -m + 6 - 4 - 4*m**2 - 1. What is y(u)?
-17
Let q(t) = 5. Let l(b) = 9*b + 33. Let k(s) = l(s) - 2*q(s). Give k(-8).
-49
Let b(n) = 18*n - 1. Let w = 158 + -163. Let o(v) = -26*v + 1. Let t(j) = w*o(j) - 7*b(j). Determine t(-6).
-22
Let f(a) = -a - 2. Let m(t) = -9*t**2 - 3*t - 5. Let x(k) = -f(k) + m(k). Calculate x(-1).
-10
Let x(r) = r**3 - r**2 - 15. Suppose 0 = -4*n + 7*n + n. Suppose -6 = 2*q, 3*p + 4*q - 6 - 3 = n. Let d be 0/((p - 6)*-3*1). Give x(d).
-15
Let x(j) = 1 + j - 7 + 2. Suppose 3*b = 4*q + 24, 25*b - 3*q - 18 = 34*b. Calculate x(b).
-4
Let v(n) = -n**2 + 6*n + 9. Let y(k) = k**3 - 5*k**2 - 12*k - 8. Let f be y(9). Let x = f - 201. Determine v(x).
2
Let c(y) = y**2 + 9*y - 3. Let g be c(-9). Let b(a) = -2*a**2 - 4*a + 3. Let v be b(g). Let u be 1*(4 - (v + 4)). Let t(q) = 2*q**2 - 3*q - 3. Give t(u).
6
Let p(d) = 580*d + 7552. Let t be p(-13). Let q(g) = -11*g + 83. Determine q(t).
-49
Let d(l) = 5*l. Let x(b) = 26*b + 49. Let c be x(-2). Let g be c - (-5 - -4 - 1). What is d(g)?
-5
Let p(a) = -6*a + 27. Let x(s) = -5*s + 21. Let k(z) = -10*p(z) + 13*x(z). Suppose 5*q - 7 - 13 = 0. What is k(q)?
-17
Suppose 0 = 5*o + 4*j + 24, 2*j = o + 3*o + 14. Let d(q) = 112 + 112 + 115 + q - 438 + 105. Give d(o).
2
Let k(l) = 2*l**2 + 2*l - 2. Suppose 22*f + 40 = 5*s + 20*f, -2*f = 0. Let y(h) = h - 10. Let g be y(s). Give k(g).
2
Let z(c) = -6*c**3 + c**2 + 3*c - 17. Let r(v) = 7*v**3 - 2*v**2 - 4*v + 20. Let y(l) = -5*r(l) - 6*z(l). Give y(-5).
-33
Let s(r) be the first derivative of r**4/2 - r**3 + r**2 + 2*r - 2. Let a be (-1 + 21/12)/((-41)/(-164)). Calculate s(a).
35
Let f be (1/(-2))/(3/6). Let x(j) = -6*j - 18 - 2 + 19*j + 23 - 1. Determine x(f).
-11
Let c(r) = -12*r - 1. Let b = 126 + -114. Suppose -b*h + 18 + 42 = 0. Let v = -6 + h. What is c(v)?
11
Suppose 4*l - 257 = 3*o, -o - 260 + 66 = -3*l. Let q(g) = -128*g**3 - 6*g**2 + 8 + l*g**3 + 62*g**3. Let k be 4*-1*(-18)/(-12). What is q(k)?
8
Let w(n) = -n. Let r(d) = -4*d + 1. Let i(c) = r(c) - 5*w(c). Suppose 21 = -10*p + 41. Let h be ((10/10)/((-1)/2))/p. Give i(h).
0
Let x(l) be the second derivative of l**5/60 + l**4/6 + l**3/6 + 95*l**2/2 - 30*l. Let j(z) be the first derivative of x(z). Give j(-3).
-2
Let k(z) = z**2 + 24*z + 140. Suppose -2*y + 5*v = 3, y = -1126*v + 1130*v + 3. Determine k(y).
5
Suppose -j = b - 9, -8*j + 4*j = b - 18. Let t be 6/((b/(-4))/(3/(-2))). Let a(f) = t*f**3 + 0*f**3 - 5*f**3 + 7*f**2 + 2 + 5*f - 1. Determine a(-6).
7
Suppose -204 = -f - 2*f. Suppose 64*k = f*k - 136. Let u = 29 - k. Let q(x) = x + 2. Calculate q(u).
-3
Let z(d) = 6*d**2 + 14*d + 12. Let y(g) = -2*g**2 - 5*g - 4. Let p(j) = -10*y(j) - 3*z(j). Suppose 0 = 6*f - 1 + 1. Suppose -6*m = -f*m + 30. Give p(m).
14
Let q(c) = c + 12. Let r = 3468 - 6052. Let d be (r/(-228))/(0 - 4/6). Calculate q(d).
-5
Let n(u) = -u**3 + 11*u**2 - 17*u - 8. Let a(z) = z**2 + 8*z - 56. Suppose 93*g = 94*g + 13. Let q be a(g). What is n(q)?
1
Let n = -255 - -583. Let w = n + -320. Let m(o) = o**2 - 7*o - 3. Calculate m(w).
5
Let i(p) = -61*p + 195*p - 61*p - 55*p + 77 + p**2. Calculate i(-14).
21
Let i(r) = 2*r + 29. Suppose -18*h + 16*h + 5*j = -2, -5*h - 65 = 5*j. Determine i(h).
11
Let f(d) = 4*d - 21. Let x be f(6). Let j(y) be the first derivative of 1/3*y**3 + 5 + 4*y - y**2. What is j(x)?
7
Let q = -6540 + 6542. Let a(n) be the second derivative of -2/3*n**3 + 0 + 1/2*n**q + 1/6*n**4 + 3*n. Determine a(3).
7
Let m(s) = -s**3 + 3*s**2 - 4*s - 1. Let q(n) = n**2 - n. Let v(l) = -m(l) + 3*q(l). Suppose 268*w = 299*w + 31. Calculate v(w).
-1
Let f(y) be the third derivative of -y**6/144 + y**5/120 - y**4/12 + 2*y**2. Let v(g) be the second derivative of f(g). Let i = -74 - -77. Determine v(i).
-14
Suppose -112 - 19 = 2*n + g, -207 = 3*n + 5*g. Let w = 68 + n. Let z(t) = -w*t**2 + 0 - 1 + t + 3*t**2 + t**3 - 3. What is z(0)?
-4
Let u be 54/21 - (-4)/(-7). Suppose u*g = 3*g. Let o(p) = -3*p + 4 - p**2 - 2 + g + 0. Give o(-5).
-8
Let k(c) = -c**2 - 3*c + 27. Let m be k(-6). Let n(h) = 3*h**2 + 16*h - 3 - m*h - h - h**3. Suppose s - 4*l = 5*s, 3*l = -5*s + 8. What is n(s)?
5
Let n(t) = -44*t**2 + t + 72. Let x(d) = 43*d**2 - d - 86. Let u(o) = -6*n(o) - 5*x(o). What is u(-1)?
48
Suppose -4*r = -2*r - 170. Let x(z) = 12*z - 249. Let d be x(28). Let q = r - d. Let b(g) = -g**2 + g. Give b(q).
-6
Suppose 0 = -5*a - 62 + 107. Let v(z) = z**2 - 13*z + 13. Determine v(a).
-23
Let x(j) = -j**2 + 6*j + 6. Let h be x(-4). Let m = h - -37. Let o(p) = 2*p + p**3 + 0*p**m - 4*p - 5*p**2 + 14 - 16. What is o(5)?
-12
Let g be -5 + 